{"id":4123,"date":"2025-10-21T17:09:04","date_gmt":"2025-10-21T15:09:04","guid":{"rendered":"https:\/\/ibz-bielefeld.de\/?page_id=4123"},"modified":"2026-03-26T13:06:43","modified_gmt":"2026-03-26T12:06:43","slug":"einfache-sprache","status":"publish","type":"page","link":"https:\/\/ibz-bielefeld.de\/es\/einfache-sprache\/","title":{"rendered":"Lenguaje sencillo"},"content":{"rendered":"<h3 class=\"wp-block-heading\">Informaci\u00f3n en lenguaje simple<\/h3>\n\n\n\n<p>La IBZ Friedenshaus es una asociaci\u00f3n en Bielefeld. <strong>IBZ <\/strong>Es la abreviatura de International Meeting Centre. Gente de todo el mundo puede reunirse aqu\u00ed. Puedes encontrarlo aqu\u00ed:<\/p>\n\n\n\n<ul class=\"wp-block-list\">\n<li>discutiendo<\/li>\n\n\n\n<li>Ser pol\u00edticamente activo<\/li>\n\n\n\n<li>Celebrar juntos<\/li>\n<\/ul>\n\n\n\n<p>Queremos aprender a vivir bien juntos.<\/p>\n\n\n\n<p>Por lo tanto, en la IBZ hay:<\/p>\n\n\n\n<ul class=\"wp-block-list\">\n<li>Grupos de trabajo sobre cuestiones como el racismo y la discriminaci\u00f3n<\/li>\n\n\n\n<li>Grupos de trabajo creativos, lecturas, noches de cine<\/li>\n\n\n\n<li>asesoramiento sobre migraci\u00f3n. As\u00ed que consejos para las personas que han venido a Alemania desde otros pa\u00edses.<\/li>\n\n\n\n<li>cursos de integraci\u00f3n. As\u00ed que cursos en los que se puede aprender alem\u00e1n.<\/li>\n\n\n\n<li>Un caf\u00e9 de idiomas para aprender alem\u00e1n.<\/li>\n\n\n\n<li>Un lugar de encuentro para las mujeres que han venido a Alemania desde otros pa\u00edses.<\/li>\n\n\n\n<li>Diferentes grupos de casas que est\u00e1n entusiasmados con diferentes temas.<\/li>\n\n\n\n<li>La oportunidad de hablar el uno con el otro sobre todo.<\/li>\n<\/ul>\n\n\n\n<h3 class=\"wp-block-heading\">educaci\u00f3n<\/h3>\n\n\n\n<p>Organizamos <strong>Cursos de educaci\u00f3n continua para adultos. <\/strong>Estos cursos son, por ejemplo, sobre el tema de la pol\u00edtica. Y hay conferencias sobre diversos temas, como el vuelo y <strong>Una democracia viva.<\/strong> Esto significa: Democracia en la que puedes participar. Tambi\u00e9n ofrecemos <strong>Foros de aprendizaje para escolares<\/strong> a. Estas son reuniones donde los ni\u00f1os pueden aprender ingl\u00e9s y matem\u00e1ticas, por ejemplo. Tambi\u00e9n hay varios <strong>Cursos de idiomas y PC.<\/strong><\/p>\n\n\n\n<h3 class=\"wp-block-heading\">integraci\u00f3n<\/h3>\n\n\n\n<p>Cuando los inmigrantes llegan a Alemania, nos gustar\u00eda apoyarlos. Incluso en el tiempo despu\u00e9s de que llegaron y han estado aqu\u00ed m\u00e1s tiempo. Esto es importante para nosotros. Adem\u00e1s, hay muchos eventos de informaci\u00f3n y eventos de discusi\u00f3n sobre el tema. Tambi\u00e9n ofrecemos <a href=\"https:\/\/ibz-bielefeld.de\/es\/integrationskurse\/\">Cursos de integraci\u00f3n<\/a> y <a href=\"https:\/\/ibz-bielefeld.de\/es\/migrationsberatung\/\">Asesoramiento en materia de migraci\u00f3n para adultos<\/a> a. La abreviatura es <strong>MBE (en ingl\u00e9s).<\/strong> En el coraz\u00f3n de nuestro trabajo es que todos deben aprender unos de otros.<\/p>\n\n\n\n<h3 class=\"wp-block-heading\">cultura<\/h3>\n\n\n\n<p>Siempre tenemos un programa variado:<\/p>\n\n\n\n<ul class=\"wp-block-list\">\n<li><strong>conciertos<\/strong><\/li>\n\n\n\n<li><strong>Actuaciones de baile<\/strong><\/li>\n\n\n\n<li><strong>Proyecciones de pel\u00edculas<\/strong><\/li>\n\n\n\n<li><strong>y representaciones teatrales<\/strong><\/li>\n<\/ul>\n\n\n\n<p>Tambi\u00e9n hay muchas otras ofertas culturales como:<\/p>\n\n\n\n<ul class=\"wp-block-list\">\n<li><strong>Cursos de Salsa y Balkan Dance Courses<\/strong><\/li>\n\n\n\n<li><strong>Caf\u00e9 de idiomas y caf\u00e9 de mujeres<\/strong><\/li>\n<\/ul>\n\n\n\n<p>Hay algo adecuado para todos. Los puntos destacados anuales en esta \u00e1rea son los siguientes: <strong>D\u00eda del Refugiado<\/strong> En junio y nuestro <strong>Fiesta de verano<\/strong> en septiembre.<\/p>\n\n\n\n<h3 class=\"wp-block-heading\">Cursos de integraci\u00f3n<\/h3>\n\n\n\n<p>En nuestro departamento de cursos de alem\u00e1n ofrecemos <strong>Cursos de integraci\u00f3n general<\/strong> y <strong>Cursos de integraci\u00f3n con alfabetizaci\u00f3n<\/strong> a. Uno <strong>Curso de alfabetizaci\u00f3n<\/strong> Es un curso especial de integraci\u00f3n para inmigrantes que no pueden escribir y leer el alfabeto alem\u00e1n. Aprender\u00e1s el idioma alem\u00e1n y el alfabeto alem\u00e1n al mismo tiempo. En Alemania, se utiliza el alfabeto latino. La Oficina Federal de Migraci\u00f3n y Refugiados promueve estos cursos. La abreviatura de la Oficina Federal es <strong>BAMF (en ingl\u00e9s).<\/strong><\/p>\n\n\n\n<p>En<strong> Curso general <\/strong>Aprende alem\u00e1n en 600 lecciones. Despu\u00e9s de eso, puedes aprender alem\u00e1n a nivel de idioma <strong>B1 <\/strong>Los cursos de idiomas se pueden completar en un cierto nivel. Aqu\u00ed est\u00e1n los niveles de idioma de la <strong>Marco Com\u00fan Europeo de Referencia. <\/strong>La abreviatura es<strong> GER (en ingl\u00e9s).<\/strong> Hay seis niveles diferentes para los niveles de idioma: de A1 a C2. Los niveles muestran lo bien que se puede hablar un idioma extranjero.<\/p>\n\n\n\n<p>M\u00e1s informaci\u00f3n: <a href=\"http:\/\/www.bamf.de\/DE\/Willkommen\/DeutschLernen\/Integrationskurse\/InhaltAblauf\/inhaltablauf-node.html\" target=\"_blank\" rel=\"noopener\">www.bamf.de\/Integrationskurse<\/a><\/p>\n\n\n\n<p><br>Los cursos de integraci\u00f3n terminan con estas pruebas finales:<\/p>\n\n\n\n<ul class=\"wp-block-list\">\n<li><strong>Prueba alemana para inmigrantes.<\/strong> La abreviatura es <strong>DTZ (en ingl\u00e9s).<\/strong><\/li>\n\n\n\n<li>y <strong>Viviendo en Alemania. <\/strong>\u00a0La abreviatura es <strong>LiD (en ingl\u00e9s).<\/strong><\/li>\n<\/ul>\n\n\n\n<p>Solo puede inscribirse en persona para un curso de integraci\u00f3n en nuestra oficina.<\/p>\n\n\n\n<h3 class=\"wp-block-heading\">\u00a1Queridos buscadores de consejos!<\/h3>\n\n\n\n<p>El asesoramiento sobre migraci\u00f3n para adultos est\u00e1 destinado a acompa\u00f1ar a las personas reci\u00e9n inmigradas en su camino hacia la sociedad alemana. La consulta es gratuita y confidencial. Apoyamos a las personas all\u00ed para que tambi\u00e9n puedan usar sus derechos. Tambi\u00e9n alentamos a las personas a actuar por su cuenta en todas las \u00e1reas de la vida tanto como sea posible.&nbsp;<\/p>\n\n\n\n<p>No solo los migrantes y los emigrantes tard\u00edos pueden utilizar el asesoramiento. Tambi\u00e9n se ofrece asesoramiento a los refugiados en el procedimiento de asilo. Esto se aplica a los refugiados con <strong>Perspectiva para quedarse<\/strong>, que lleg\u00f3 a Alemania a m\u00e1s tardar el 31 de julio de 2019. Perspectiva restante significa que es probable que las personas de otros pa\u00edses permanezcan en Alemania durante un per\u00edodo de tiempo m\u00e1s largo. Esto se aplica a los refugiados de:<\/p>\n\n\n\n<ul class=\"wp-block-list\">\n<li>Eritrea<\/li>\n\n\n\n<li>Somalia<\/li>\n\n\n\n<li>Siria<\/li>\n\n\n\n<li>Ir\u00e1n<\/li>\n\n\n\n<li>Irak<\/li>\n<\/ul>\n\n\n\n<p>Y el consejo es para los refugiados con un lugar para quedarse que llegaron a Alemania a partir del 1 de agosto de 2019. Esto se aplica a los refugiados de:<\/p>\n\n\n\n<ul class=\"wp-block-list\">\n<li>Eritrea<\/li>\n\n\n\n<li>Siria<\/li>\n<\/ul>\n\n\n\n<p>Los miembros de la familia jubilados tambi\u00e9n pueden utilizar el asesoramiento.<\/p>\n\n\n\n<h3 class=\"wp-block-heading\">El asesoramiento est\u00e1 disponible sobre estos temas<\/h3>\n\n\n\n<ul class=\"wp-block-list\">\n<li>Aprender alem\u00e1n, cursos de integraci\u00f3n<\/li>\n\n\n\n<li>vivienda<\/li>\n\n\n\n<li>Jard\u00edn de infantes, escuela, educaci\u00f3n<\/li>\n\n\n\n<li>Ocupaci\u00f3n, trabajo<\/li>\n\n\n\n<li><strong>Cuestiones jur\u00eddicas:<\/strong> Ley de residencia, Ley de seguridad social: Tomemos, por ejemplo, el centro de trabajo. Derecho de nacionalidad, Derecho laboral o Derecho civil<\/li>\n\n\n\n<li>Familia y educaci\u00f3n, entorno social y tiempo libre<\/li>\n\n\n\n<li>Problemas de salud, experiencia de violencia, trauma: Por ejemplo, la experiencia en la guerra. discapacidad<\/li>\n\n\n\n<li>otros centros de asesoramiento y servicios de asistencia<\/li>\n<\/ul>\n\n\n\n<h3 class=\"wp-block-heading\">Zona de KiJu<\/h3>\n\n\n\n<p>El IBZ es un proveedor reconocido de bienestar infantil y juvenil. A la intemperie <strong>\u00c1rea infantil y juvenil <\/strong>(KiJu) tenemos ofertas y proyectos para todos los ni\u00f1os y adolescentes de 0 a 27 a\u00f1os. La abreviatura para el \u00e1rea de ni\u00f1os y j\u00f3venes es <strong>KiJu (en ingl\u00e9s). <\/strong>Cualquiera puede unirse. No importa:<\/p>\n\n\n\n<ul class=\"wp-block-list\">\n<li>Qu\u00e9 religi\u00f3n tiene alguien.<\/li>\n\n\n\n<li>Si alguien es rico o pobre.<\/li>\n\n\n\n<li>Qu\u00e9 g\u00e9nero tiene alguien.<\/li>\n<\/ul>\n\n\n\n<p><br>La caracter\u00edstica m\u00e1s importante del \u00e1rea abierta para ni\u00f1os y j\u00f3venes es que todos participan voluntariamente en las ofertas y eventos.<\/p>\n\n\n\n<h3 class=\"wp-block-heading\">Educaci\u00f3n Pol\u00edtica Continua en el IBZ<\/h3>\n\n\n\n<p>Esto <strong>Trabajo educativo intercultural Casa de Paz<\/strong> es una instituci\u00f3n de educaci\u00f3n pol\u00edtica de adultos reconocida por el Estado. La abreviatura es <strong>IBF (en ingl\u00e9s).<\/strong><\/p>\n\n\n\n<p>Ofrecemos cursos, eventos informativos y eventos de discusi\u00f3n sobre los siguientes temas:<\/p>\n\n\n\n<ul class=\"wp-block-list\">\n<li>Inmigraci\u00f3n e integraci\u00f3n<\/li>\n\n\n\n<li>Democracia vibrante: participaci\u00f3n y tratamiento adecuado de los diferentes medios de comunicaci\u00f3n<\/li>\n\n\n\n<li>Derechos humanos y cultura pol\u00edtica<\/li>\n\n\n\n<li>Pol\u00edtica internacional<\/li>\n\n\n\n<li>Cambio clim\u00e1tico y desarrollo: \u00bfqu\u00e9 se puede hacer sobre el terreno? \u00bfQu\u00e9 puedes hacer en todo el mundo?<\/li>\n\n\n\n<li>Cambios en la estructura de la poblaci\u00f3n<\/li>\n<\/ul>\n\n\n\n<p><br>Los cursos y eventos del IBF son para:<\/p>\n\n\n\n<ul class=\"wp-block-list\">\n<li>Refugiados<\/li>\n\n\n\n<li>migrantes<\/li>\n\n\n\n<li>y <strong>Gente de color.<\/strong> Estas son personas que han sido mal tratadas debido a su color de piel.<\/li>\n\n\n\n<li>y todas las dem\u00e1s personas interesadas de 16 a\u00f1os o m\u00e1s<\/li>\n<\/ul>\n\n\n\n<p>La participaci\u00f3n en nuestros eventos y cursos suele ser gratuita. Esto tambi\u00e9n deber\u00eda hacer posible que las personas con poco o ning\u00fan dinero asistan a los eventos y cursos.<\/p>\n\n\n\n<p><strong>Traducido por:<\/strong> Tobias Berger; <strong>Fecha:<\/strong> febrero de 2024;&nbsp;&nbsp;&nbsp;&nbsp;&nbsp;&nbsp;&nbsp;&nbsp;&nbsp;&nbsp;&nbsp;&nbsp;&nbsp;&nbsp;&nbsp;&nbsp;&nbsp;&nbsp;&nbsp;&nbsp;&nbsp;&nbsp;&nbsp;&nbsp;&nbsp;&nbsp;&nbsp;&nbsp;&nbsp;&nbsp;&nbsp;&nbsp;&nbsp;&nbsp;&nbsp;&nbsp;&nbsp;&nbsp;&nbsp;&nbsp;&nbsp;&nbsp;&nbsp;&nbsp;&nbsp;&nbsp;&nbsp;&nbsp;&nbsp;&nbsp;&nbsp;&nbsp;&nbsp; <strong><br>Oficina de Lenguaje Ligero Bethel: <\/strong>www.leichtesprache-bethel.de<\/p>","protected":false},"excerpt":{"rendered":"<p>Infos in Einfacher Sprache Das IBZ Friedenshaus ist ein Verein in Bielefeld. IBZ ist die Abk\u00fcrzung f\u00fcr Internationales Begegnungszentrum. Hier k\u00f6nnen sich Menschen aus allen m\u00f6glichen L\u00e4ndern der Welt treffen&#8230;.<\/p>","protected":false},"author":2,"featured_media":0,"parent":0,"menu_order":0,"comment_status":"closed","ping_status":"closed","template":"","meta":{"_acf_changed":false,"footnotes":""},"ibz_department":[],"class_list":["post-4123","page","type-page","status-publish","hentry"],"acf":[],"_links":{"self":[{"href":"https:\/\/ibz-bielefeld.de\/es\/wp-json\/wp\/v2\/pages\/4123","targetHints":{"allow":["GET"]}}],"collection":[{"href":"https:\/\/ibz-bielefeld.de\/es\/wp-json\/wp\/v2\/pages"}],"about":[{"href":"https:\/\/ibz-bielefeld.de\/es\/wp-json\/wp\/v2\/types\/page"}],"author":[{"embeddable":true,"href":"https:\/\/ibz-bielefeld.de\/es\/wp-json\/wp\/v2\/users\/2"}],"replies":[{"embeddable":true,"href":"https:\/\/ibz-bielefeld.de\/es\/wp-json\/wp\/v2\/comments?post=4123"}],"version-history":[{"count":0,"href":"https:\/\/ibz-bielefeld.de\/es\/wp-json\/wp\/v2\/pages\/4123\/revisions"}],"wp:attachment":[{"href":"https:\/\/ibz-bielefeld.de\/es\/wp-json\/wp\/v2\/media?parent=4123"}],"wp:term":[{"taxonomy":"ibz_department","embeddable":true,"href":"https:\/\/ibz-bielefeld.de\/es\/wp-json\/wp\/v2\/ibz_department?post=4123"}],"curies":[{"name":"wp","href":"https:\/\/api.w.org\/{rel}","templated":true}]}}

<h3 class="wp-block-heading">Información en lenguaje simple</h3>



<p>La IBZ Friedenshaus es una asociación en Bielefeld. <strong>IBZ </strong>Es la abreviatura de International Meeting Centre. Gente de todo el mundo puede reunirse aquí. Puedes encontrarlo aquí:</p>



<ul class="wp-block-list">
<li>discutiendo</li>



<li>Ser políticamente activo</li>



<li>Celebrar juntos</li>
</ul>



<p>Queremos aprender a vivir bien juntos.</p>



<p>Por lo tanto, en la IBZ hay:</p>



<ul class="wp-block-list">
<li>Grupos de trabajo sobre cuestiones como el racismo y la discriminación</li>



<li>Grupos de trabajo creativos, lecturas, noches de cine</li>



<li>asesoramiento sobre migración. Así que consejos para las personas que han venido a Alemania desde otros países.</li>



<li>cursos de integración. Así que cursos en los que se puede aprender alemán.</li>



<li>Un café de idiomas para aprender alemán.</li>



<li>Un lugar de encuentro para las mujeres que han venido a Alemania desde otros países.</li>



<li>Diferentes grupos de casas que están entusiasmados con diferentes temas.</li>



<li>La oportunidad de hablar el uno con el otro sobre todo.</li>
</ul>



<h3 class="wp-block-heading">educación</h3>



<p>Organizamos <strong>Cursos de educación continua para adultos. </strong>Estos cursos son, por ejemplo, sobre el tema de la política. Y hay conferencias sobre diversos temas, como el vuelo y <strong>Una democracia viva.</strong> Esto significa: Democracia en la que puedes participar. También ofrecemos <strong>Foros de aprendizaje para escolares</strong> a. Estas son reuniones donde los niños pueden aprender inglés y matemáticas, por ejemplo. También hay varios <strong>Cursos de idiomas y PC.</strong></p>



<h3 class="wp-block-heading">integración</h3>



<p>Cuando los inmigrantes llegan a Alemania, nos gustaría apoyarlos. Incluso en el tiempo después de que llegaron y han estado aquí más tiempo. Esto es importante para nosotros. Además, hay muchos eventos de información y eventos de discusión sobre el tema. También ofrecemos <a href="https://ibz-bielefeld.de/es/integrationskurse/">Cursos de integración</a> y <a href="https://ibz-bielefeld.de/es/migrationsberatung/">Asesoramiento en materia de migración para adultos</a> a. La abreviatura es <strong>MBE (en inglés).</strong> En el corazón de nuestro trabajo es que todos deben aprender unos de otros.</p>



<h3 class="wp-block-heading">cultura</h3>



<p>Siempre tenemos un programa variado:</p>



<ul class="wp-block-list">
<li><strong>conciertos</strong></li>



<li><strong>Actuaciones de baile</strong></li>



<li><strong>Proyecciones de películas</strong></li>



<li><strong>y representaciones teatrales</strong></li>
</ul>



<p>También hay muchas otras ofertas culturales como:</p>



<ul class="wp-block-list">
<li><strong>Cursos de Salsa y Balkan Dance Courses</strong></li>



<li><strong>Café de idiomas y café de mujeres</strong></li>
</ul>



<p>Hay algo adecuado para todos. Los puntos destacados anuales en esta área son los siguientes: <strong>Día del Refugiado</strong> En junio y nuestro <strong>Fiesta de verano</strong> en septiembre.</p>



<h3 class="wp-block-heading">Cursos de integración</h3>



<p>En nuestro departamento de cursos de alemán ofrecemos <strong>Cursos de integración general</strong> y <strong>Cursos de integración con alfabetización</strong> a. Uno <strong>Curso de alfabetización</strong> Es un curso especial de integración para inmigrantes que no pueden escribir y leer el alfabeto alemán. Aprenderás el idioma alemán y el alfabeto alemán al mismo tiempo. En Alemania, se utiliza el alfabeto latino. La Oficina Federal de Migración y Refugiados promueve estos cursos. La abreviatura de la Oficina Federal es <strong>BAMF (en inglés).</strong></p>



<p>En<strong> Curso general </strong>Aprende alemán en 600 lecciones. Después de eso, puedes aprender alemán a nivel de idioma <strong>B1 </strong>Los cursos de idiomas se pueden completar en un cierto nivel. Aquí están los niveles de idioma de la <strong>Marco Común Europeo de Referencia. </strong>La abreviatura es<strong> GER (en inglés).</strong> Hay seis niveles diferentes para los niveles de idioma: de A1 a C2. Los niveles muestran lo bien que se puede hablar un idioma extranjero.</p>



<p>Más información: <a href="http://www.bamf.de/DE/Willkommen/DeutschLernen/Integrationskurse/InhaltAblauf/inhaltablauf-node.html" target="_blank" rel="noopener">www.bamf.de/Integrationskurse</a></p>



<p><br>Los cursos de integración terminan con estas pruebas finales:</p>



<ul class="wp-block-list">
<li><strong>Prueba alemana para inmigrantes.</strong> La abreviatura es <strong>DTZ (en inglés).</strong></li>



<li>y <strong>Viviendo en Alemania. </strong> La abreviatura es <strong>LiD (en inglés).</strong></li>
</ul>



<p>Solo puede inscribirse en persona para un curso de integración en nuestra oficina.</p>



<h3 class="wp-block-heading">¡Queridos buscadores de consejos!</h3>



<p>El asesoramiento sobre migración para adultos está destinado a acompañar a las personas recién inmigradas en su camino hacia la sociedad alemana. La consulta es gratuita y confidencial. Apoyamos a las personas allí para que también puedan usar sus derechos. También alentamos a las personas a actuar por su cuenta en todas las áreas de la vida tanto como sea posible.&nbsp;</p>



<p>No solo los migrantes y los emigrantes tardíos pueden utilizar el asesoramiento. También se ofrece asesoramiento a los refugiados en el procedimiento de asilo. Esto se aplica a los refugiados con <strong>Perspectiva para quedarse</strong>, que llegó a Alemania a más tardar el 31 de julio de 2019. Perspectiva restante significa que es probable que las personas de otros países permanezcan en Alemania durante un período de tiempo más largo. Esto se aplica a los refugiados de:</p>



<ul class="wp-block-list">
<li>Eritrea</li>



<li>Somalia</li>



<li>Siria</li>



<li>Irán</li>



<li>Irak</li>
</ul>



<p>Y el consejo es para los refugiados con un lugar para quedarse que llegaron a Alemania a partir del 1 de agosto de 2019. Esto se aplica a los refugiados de:</p>



<ul class="wp-block-list">
<li>Eritrea</li>



<li>Siria</li>
</ul>



<p>Los miembros de la familia jubilados también pueden utilizar el asesoramiento.</p>



<h3 class="wp-block-heading">El asesoramiento está disponible sobre estos temas</h3>



<ul class="wp-block-list">
<li>Aprender alemán, cursos de integración</li>



<li>vivienda</li>



<li>Jardín de infantes, escuela, educación</li>



<li>Ocupación, trabajo</li>



<li><strong>Cuestiones jurídicas:</strong> Ley de residencia, Ley de seguridad social: Tomemos, por ejemplo, el centro de trabajo. Derecho de nacionalidad, Derecho laboral o Derecho civil</li>



<li>Familia y educación, entorno social y tiempo libre</li>



<li>Problemas de salud, experiencia de violencia, trauma: Por ejemplo, la experiencia en la guerra. discapacidad</li>



<li>otros centros de asesoramiento y servicios de asistencia</li>
</ul>



<h3 class="wp-block-heading">Zona de KiJu</h3>



<p>El IBZ es un proveedor reconocido de bienestar infantil y juvenil. A la intemperie <strong>Área infantil y juvenil </strong>(KiJu) tenemos ofertas y proyectos para todos los niños y adolescentes de 0 a 27 años. La abreviatura para el área de niños y jóvenes es <strong>KiJu (en inglés). </strong>Cualquiera puede unirse. No importa:</p>



<ul class="wp-block-list">
<li>Qué religión tiene alguien.</li>



<li>Si alguien es rico o pobre.</li>



<li>Qué género tiene alguien.</li>
</ul>



<p><br>La característica más importante del área abierta para niños y jóvenes es que todos participan voluntariamente en las ofertas y eventos.</p>



<h3 class="wp-block-heading">Educación Política Continua en el IBZ</h3>



<p>Esto <strong>Trabajo educativo intercultural Casa de Paz</strong> es una institución de educación política de adultos reconocida por el Estado. La abreviatura es <strong>IBF (en inglés).</strong></p>



<p>Ofrecemos cursos, eventos informativos y eventos de discusión sobre los siguientes temas:</p>



<ul class="wp-block-list">
<li>Inmigración e integración</li>



<li>Democracia vibrante: participación y tratamiento adecuado de los diferentes medios de comunicación</li>



<li>Derechos humanos y cultura política</li>



<li>Política internacional</li>



<li>Cambio climático y desarrollo: ¿qué se puede hacer sobre el terreno? ¿Qué puedes hacer en todo el mundo?</li>



<li>Cambios en la estructura de la población</li>
</ul>



<p><br>Los cursos y eventos del IBF son para:</p>



<ul class="wp-block-list">
<li>Refugiados</li>



<li>migrantes</li>



<li>y <strong>Gente de color.</strong> Estas son personas que han sido mal tratadas debido a su color de piel.</li>



<li>y todas las demás personas interesadas de 16 años o más</li>
</ul>



<p>La participación en nuestros eventos y cursos suele ser gratuita. Esto también debería hacer posible que las personas con poco o ningún dinero asistan a los eventos y cursos.</p>



<p><strong>Traducido por:</strong> Tobias Berger; <strong>Fecha:</strong> febrero de 2024;&nbsp;&nbsp;&nbsp;&nbsp;&nbsp;&nbsp;&nbsp;&nbsp;&nbsp;&nbsp;&nbsp;&nbsp;&nbsp;&nbsp;&nbsp;&nbsp;&nbsp;&nbsp;&nbsp;&nbsp;&nbsp;&nbsp;&nbsp;&nbsp;&nbsp;&nbsp;&nbsp;&nbsp;&nbsp;&nbsp;&nbsp;&nbsp;&nbsp;&nbsp;&nbsp;&nbsp;&nbsp;&nbsp;&nbsp;&nbsp;&nbsp;&nbsp;&nbsp;&nbsp;&nbsp;&nbsp;&nbsp;&nbsp;&nbsp;&nbsp;&nbsp;&nbsp;&nbsp; <strong><br>Oficina de Lenguaje Ligero Bethel: </strong>www.leichtesprache-bethel.de</p>

<p>Infos in Einfacher Sprache Das IBZ Friedenshaus ist ein Verein in Bielefeld. IBZ ist die Abkürzung für Internationales Begegnungszentrum. Hier können sich Menschen aus allen möglichen Ländern der Welt treffen&#8230;.</p>
